{"id":29,"date":"2016-04-04T14:13:46","date_gmt":"2016-04-04T11:13:46","guid":{"rendered":"https:\/\/pspl.mobiesmart.fi\/koulutus\/?page_id=29"},"modified":"2016-04-11T14:31:39","modified_gmt":"2016-04-11T11:31:39","slug":"etusivu","status":"publish","type":"page","link":"https:\/\/pspl.mobiesmart.fi\/koulutus\/","title":{"rendered":"Pohjois-Savon pelastuslaitos kouluttaa"},"content":{"rendered":"<p>[vc_row][vc_column][vc_column_text]<span id=\"lorem\">Tervetuloa Pohjois-Savon pelastuslaitoksen eSmart -koulutus- ja perehdytt\u00e4misymp\u00e4rist\u00f6\u00f6n<\/span>. L\u00f6yd\u00e4t t\u00e4\u00e4lt\u00e4 tietoa j\u00e4rjest\u00e4mist\u00e4mme verkkokursseista ja p\u00e4\u00e4set suorittamaan niit\u00e4 kirjautumalla j\u00e4rjestelm\u00e4\u00e4n k\u00e4ytt\u00e4j\u00e4tunnuksillasi.[\/vc_column_text][\/vc_column][\/vc_row][vc_row][vc_column width=&#8221;1\/3&#8243;][vc_single_image image=&#8221;163&#8243; img_size=&#8221;large&#8221; onclick=&#8221;link_image&#8221;][vc_column_text]<\/p>\n<h2><span id=\"lorem\">eSmart-koulutukset<\/span><\/h2>\n<p>Pohjois-Savon pelastuslaitoksen eSmart-verkkokoulutukset toimivat kaikilla laitteilla, \u00e4lypuhelimista, tablet-laitteisiin, tietokoneisiin ja tv-vastaanottimiin, jotka sis\u00e4lt\u00e4v\u00e4t nettiselaimen.[\/vc_column_text][\/vc_column][vc_column width=&#8221;1\/3&#8243;][vc_single_image image=&#8221;106&#8243; img_size=&#8221;large&#8221; onclick=&#8221;link_image&#8221;][vc_column_text]<\/p>\n<h2>Ensivastekoulutus<\/h2>\n<p>Anafylaktisen sokin, tai hy\u00f6nteisen- piston tai -pureman, ruoka-aineiden tai\u00a0l\u00e4\u00e4kkeiden aiheuttaman allergisen reaktion hoitoon h\u00e4t\u00e4tilanteessa tarkoitetun EpiPen ja EpiPen Jr:n k\u00e4ytt\u00f6koulutus.[\/vc_column_text][\/vc_column][vc_column width=&#8221;1\/3&#8243;][vc_single_image image=&#8221;77&#8243; img_size=&#8221;large&#8221; onclick=&#8221;link_image&#8221;][vc_column_text]<\/p>\n<h2>Paloturvallisuus<\/h2>\n<p>I am text block. Click edit button to change this text. Lorem ipsum dolor sit amet, consectetur adipiscing elit. Ut elit tellus, luctus nec ullamcorper mattis pulvinar.[\/vc_column_text][\/vc_column][\/vc_row]<\/p>\n","protected":false},"excerpt":{"rendered":"<p>[vc_row][vc_column][vc_column_text]Tervetuloa Pohjois-Savon pelastuslaitoksen eSmart -koulutus- ja perehdytt\u00e4misymp\u00e4rist\u00f6\u00f6n. L\u00f6yd\u00e4t t\u00e4\u00e4lt\u00e4 tietoa j\u00e4rjest\u00e4mist\u00e4mme verkkokursseista ja p\u00e4\u00e4set suorittamaan niit\u00e4 kirjautumalla j\u00e4rjestelm\u00e4\u00e4n k\u00e4ytt\u00e4j\u00e4tunnuksillasi.[\/vc_column_text][\/vc_column][\/vc_row][vc_row][vc_column width=&#8221;1\/3&#8243;][vc_single_image image=&#8221;163&#8243; img_size=&#8221;large&#8221; onclick=&#8221;link_image&#8221;][vc_column_text] eSmart-koulutukset Pohjois-Savon pelastuslaitoksen eSmart-verkkokoulutukset toimivat kaikilla laitteilla, \u00e4lypuhelimista, tablet-laitteisiin, tietokoneisiin ja tv-vastaanottimiin, jotka sis\u00e4lt\u00e4v\u00e4t nettiselaimen.[\/vc_column_text][\/vc_column][vc_column width=&#8221;1\/3&#8243;][vc_single_image image=&#8221;106&#8243; img_size=&#8221;large&#8221; onclick=&#8221;link_image&#8221;][vc_column_text] Ensivastekoulutus Anafylaktisen sokin, tai hy\u00f6nteisen- piston tai -pureman, ruoka-aineiden tai\u00a0l\u00e4\u00e4kkeiden aiheuttaman allergisen reaktion [&hellip;]<\/p>\n","protected":false},"author":1,"featured_media":0,"parent":0,"menu_order":0,"comment_status":"closed","ping_status":"closed","template":"","meta":{"footnotes":""},"class_list":["post-29","page","type-page","status-publish","hentry","user-has-not-earned"],"_links":{"self":[{"href":"https:\/\/pspl.mobiesmart.fi\/koulutus\/wp-json\/wp\/v2\/pages\/29"}],"collection":[{"href":"https:\/\/pspl.mobiesmart.fi\/koulutus\/wp-json\/wp\/v2\/pages"}],"about":[{"href":"https:\/\/pspl.mobiesmart.fi\/koulutus\/wp-json\/wp\/v2\/types\/page"}],"author":[{"embeddable":true,"href":"https:\/\/pspl.mobiesmart.fi\/koulutus\/wp-json\/wp\/v2\/users\/1"}],"replies":[{"embeddable":true,"href":"https:\/\/pspl.mobiesmart.fi\/koulutus\/wp-json\/wp\/v2\/comments?post=29"}],"version-history":[{"count":35,"href":"https:\/\/pspl.mobiesmart.fi\/koulutus\/wp-json\/wp\/v2\/pages\/29\/revisions"}],"predecessor-version":[{"id":553,"href":"https:\/\/pspl.mobiesmart.fi\/koulutus\/wp-json\/wp\/v2\/pages\/29\/revisions\/553"}],"wp:attachment":[{"href":"https:\/\/pspl.mobiesmart.fi\/koulutus\/wp-json\/wp\/v2\/media?parent=29"}],"curies":[{"name":"wp","href":"https:\/\/api.w.org\/{rel}","templated":true}]}}